
{"id":102,"date":"2019-05-27T14:11:58","date_gmt":"2019-05-27T12:11:58","guid":{"rendered":"http:\/\/www.games2guide.eu\/?page_id=102"},"modified":"2021-05-31T14:55:12","modified_gmt":"2021-05-31T12:55:12","slug":"partenaires","status":"publish","type":"page","link":"https:\/\/www.games2guide.eu\/?page_id=102&lang=fr","title":{"rendered":"Partenaires"},"content":{"rendered":"\n<div class=\"wp-block-columns has-2-columns is-layout-flex wp-container-core-columns-is-layout-9d6595d7 wp-block-columns-is-layout-flex\">\n<div class=\"wp-block-column is-layout-flow wp-block-column-is-layout-flow\">\n<div class=\"wp-block-image\"><figure class=\"aligncenter is-resized\"><img fetchpriority=\"high\" decoding=\"async\" src=\"\/\/www.games2guide.eu\/wp-content\/uploads\/2019\/07\/logoonisepnumerique2011-797x1024.jpg\" alt=\"\" class=\"wp-image-273\" width=\"199\" height=\"256\" srcset=\"https:\/\/www.games2guide.eu\/wp-content\/uploads\/2019\/07\/logoonisepnumerique2011-797x1024.jpg 797w, https:\/\/www.games2guide.eu\/wp-content\/uploads\/2019\/07\/logoonisepnumerique2011-233x300.jpg 233w, https:\/\/www.games2guide.eu\/wp-content\/uploads\/2019\/07\/logoonisepnumerique2011-768x987.jpg 768w, https:\/\/www.games2guide.eu\/wp-content\/uploads\/2019\/07\/logoonisepnumerique2011.jpg 827w\" sizes=\"(max-width: 199px) 100vw, 199px\" \/><\/figure><\/div>\n<\/div>\n\n\n\n<div class=\"wp-block-column is-layout-flow wp-block-column-is-layout-flow\">\n<p><strong>L&#8217;Onisep (Office national d&#8217;information sur les enseignements et les professions)<\/strong> est un op\u00e9rateur de l\u2019\u00c9tat qui rel\u00e8ve du minist\u00e8re de l\u2019\u00c9ducation nationale et de la Jeunesse et du minist\u00e8re de l\u2019Enseignement sup\u00e9rieur, de la Recherche et de l\u2019Innovation. \u00c9diteur public, l&#8217;Onisep produit et diffuse toute l&#8217;information sur les formations et les m\u00e9tiers. Il propose aussi des services aux \u00e9l\u00e8ves, aux parents et aux \u00e9quipes \u00e9ducatives.<\/p>\n<p>Sa vocation est d\u2019informer sur les formations, les m\u00e9tiers, les secteurs professionnels. Il guide les jeunes et leur famille dans leurs choix de parcours de formation et de projet professionnel, et fournit des ressources aux \u00e9quipes \u00e9ducatives qui aident les jeunes dans leur d\u00e9marche d\u2019orientation. Il accompagne les politiques minist\u00e9rielles en faveur des jeunes &#8220;d\u00e9crocheurs, de la scolarit\u00e9 des \u00e9l\u00e8ves en situation de handicap, de l\u2019\u00e9galit\u00e9 filles\/gar\u00e7ons, de la mobilit\u00e9 des jeunes en Europe.<\/p>\n<\/div>\n<\/div>\n\n\n\n<hr class=\"wp-block-separator\"\/>\n\n\n\n<div class=\"wp-block-columns has-2-columns is-layout-flex wp-container-core-columns-is-layout-9d6595d7 wp-block-columns-is-layout-flex\">\n<div class=\"wp-block-column is-layout-flow wp-block-column-is-layout-flow\">\n<div class=\"wp-block-image\"><figure class=\"aligncenter is-resized\"><img decoding=\"async\" src=\"\/\/www.games2guide.eu\/wp-content\/uploads\/2019\/07\/FASE_plano-1024x532.png\" alt=\"\" class=\"wp-image-278\" width=\"256\" height=\"133\" srcset=\"https:\/\/www.games2guide.eu\/wp-content\/uploads\/2019\/07\/FASE_plano-1024x532.png 1024w, https:\/\/www.games2guide.eu\/wp-content\/uploads\/2019\/07\/FASE_plano-300x156.png 300w, https:\/\/www.games2guide.eu\/wp-content\/uploads\/2019\/07\/FASE_plano-768x399.png 768w\" sizes=\"(max-width: 256px) 100vw, 256px\" \/><\/figure><\/div>\n<\/div>\n\n\n\n<div class=\"wp-block-column is-layout-flow wp-block-column-is-layout-flow\">\n<p><strong>Formaci\u00f3n y Asesores en Selecci\u00f3n y Empleo (FASE)<\/strong><\/p>\n<p>FASE est une soci\u00e9t\u00e9 de conseil en formation engag\u00e9e depuis 1996 dans la qualit\u00e9 et l&#8217;innovation en mati\u00e8re de formation professionnelle et continue au moyen de l&#8217;offre de cours en pr\u00e9sentiel, \u00e0 distance et mixtes, ainsi que par la mise en \u0153uvre de nouvelles solutions technologiques pour l&#8217;apprentissage et l&#8217;enseignement. En tant que centre de formation, il donne la priorit\u00e9 \u00e0 l&#8217;offre de formation suite \u00e0 une optimisation des ressources et \u00e0 la satisfaction des employ\u00e9s, des fournisseurs et des clients.<\/p>\n<\/div>\n<\/div>\n\n\n\n<hr class=\"wp-block-separator\"\/>\n\n\n\n<div class=\"wp-block-columns has-2-columns is-layout-flex wp-container-core-columns-is-layout-9d6595d7 wp-block-columns-is-layout-flex\">\n<div class=\"wp-block-column is-layout-flow wp-block-column-is-layout-flow\">\n<div class=\"wp-block-image\"><figure class=\"aligncenter is-resized\"><img decoding=\"async\" src=\"\/\/www.games2guide.eu\/wp-content\/uploads\/2019\/07\/Logo-Unifi.png\" alt=\"\" class=\"wp-image-281\" width=\"248\" height=\"115\" srcset=\"https:\/\/www.games2guide.eu\/wp-content\/uploads\/2019\/07\/Logo-Unifi.png 990w, https:\/\/www.games2guide.eu\/wp-content\/uploads\/2019\/07\/Logo-Unifi-300x140.png 300w, https:\/\/www.games2guide.eu\/wp-content\/uploads\/2019\/07\/Logo-Unifi-768x358.png 768w\" sizes=\"(max-width: 248px) 100vw, 248px\" \/><\/figure><\/div>\n<\/div>\n\n\n\n<div class=\"wp-block-column is-layout-flow wp-block-column-is-layout-flow\">\n<p><strong>Universit\u00e9 de Florence (UNIFI)<\/strong><\/p>\n<p>L\u2019Universit\u00e9 de Florence est un centre important et influent pour la recherche et la formation sup\u00e9rieure en Italie, avec 1 800 ma\u00eetres de conf\u00e9rence et personnels de recherche internes, 1 600 membres du personnel administratif et technique et plus de 1 600 assistants de recherche et doctorants.<br>Il offre un large \u00e9ventail de programmes d\u2019\u00e9tudes \u00e0 diff\u00e9rents niveaux et dans tous les domaines de la connaissance.<br>Plus de 130 cours de premier cycle (premier et deuxi\u00e8me cycle, correspondant aux dipl\u00f4mes de licence et de ma\u00eetrise) organis\u00e9s dans 10 \u00e9coles, sur une population d&#8217;environ 51 000 \u00e9tudiants inscrits, dont un quart viennent de l&#8217;ext\u00e9rieur de la Toscane.<br>Plus de 9 000 dipl\u00f4mes sont d\u00e9cern\u00e9s chaque ann\u00e9e \u00e0 Florence. Selon les donn\u00e9es des anciens \u00e9l\u00e8ves, le pourcentage d\u2019\u00e9tudiants qui sont sur le march\u00e9 du travail un an apr\u00e8s leur dipl\u00f4me de premier cycle est sup\u00e9rieur \u00e0 la moyenne nationale.<br>L&#8217;Universit\u00e9 de Florence a une vocation internationale naturelle et le d\u00e9veloppement de l&#8217;internationalisation est l&#8217;une de ses priorit\u00e9s strat\u00e9giques.<br>Le minist\u00e8re de l&#8217;\u00c9ducation, des Langues, de l&#8217;Intercultures, des Litt\u00e9ratures et de la Psychologie, impliqu\u00e9 dans le projet, a \u00e9t\u00e9 fond\u00e9 en janvier 2019 en fusionnant les d\u00e9partements de Langues, Litt\u00e9ratures et \u00c9tudes interculturelles et \u00c9ducation et Psychologie.<\/p>\n<\/div>\n<\/div>\n\n\n\n<hr class=\"wp-block-separator\"\/>\n\n\n\n<div class=\"wp-block-columns has-2-columns is-layout-flex wp-container-core-columns-is-layout-9d6595d7 wp-block-columns-is-layout-flex\">\n<div class=\"wp-block-column is-layout-flow wp-block-column-is-layout-flow\">\n<div class=\"wp-block-image\"><figure class=\"aligncenter is-resized\"><img loading=\"lazy\" decoding=\"async\" src=\"\/\/www.games2guide.eu\/wp-content\/uploads\/2019\/07\/logoAEVA.jpg\" alt=\"\" class=\"wp-image-284\" width=\"116\" height=\"116\" srcset=\"https:\/\/www.games2guide.eu\/wp-content\/uploads\/2019\/07\/logoAEVA.jpg 464w, https:\/\/www.games2guide.eu\/wp-content\/uploads\/2019\/07\/logoAEVA-150x150.jpg 150w, https:\/\/www.games2guide.eu\/wp-content\/uploads\/2019\/07\/logoAEVA-300x300.jpg 300w\" sizes=\"(max-width: 116px) 100vw, 116px\" \/><\/figure><\/div>\n<\/div>\n\n\n\n<div class=\"wp-block-column is-layout-flow wp-block-column-is-layout-flow\">\n<p><strong>Associa\u00e7\u00e3o para a Educa\u00e7\u00e3o e Valoriza\u00e7\u00e3o da Regi\u00e3o de Aveiro (AEVA)<\/strong><\/p>\n<p>AEVA est une association portugaise pour l&#8217;\u00e9ducation et le d\u00e9veloppement du district d&#8217;Aveiro. Organisation \u00e0 but non lucratif, elle a \u00e9t\u00e9 fond\u00e9e en 1998, et intervient dans les ressources d&#8217;\u00e9ducation et de d\u00e9veloppement. Elle fait partie de l&#8217;EPA \u2013 Escola Profissional de Aveiro &#8211; Ecole VET d&#8217;Aveiro, qui a commenc\u00e9 en 1992. L&#8217;EPA agit au niveau r\u00e9gional et ses programmes de formation professionnelle visent \u00e0 combler les besoins des entreprises dans la r\u00e9gion d\u00e9finis dans l&#8217;enqu\u00eate annuelle.<\/p>\n<\/div>\n<\/div>\n\n\n\n<hr class=\"wp-block-separator\"\/>\n\n\n\n<div class=\"wp-block-columns has-2-columns is-layout-flex wp-container-core-columns-is-layout-9d6595d7 wp-block-columns-is-layout-flex\">\n<div class=\"wp-block-column is-layout-flow wp-block-column-is-layout-flow\">\n<div class=\"wp-block-image\"><figure class=\"aligncenter is-resized\"><img loading=\"lazy\" decoding=\"async\" src=\"\/\/www.games2guide.eu\/wp-content\/uploads\/2019\/07\/Aspire-igen.jpg\" alt=\"\" class=\"wp-image-287\" width=\"142\" height=\"86\"\/><\/figure><\/div>\n<\/div>\n\n\n\n<div class=\"wp-block-column is-layout-flow wp-block-column-is-layout-flow\">\n<p><strong>Le groupe Aspire-igen<\/strong> est une entreprise sociale \u00e0 but non lucratif qui compte plus de 25 ans d\u2019exp\u00e9rience dans les domaines de l\u2019orientation professionnelle, des services d\u2019aide \u00e0 l\u2019emploi et des services de formation aux groupes vuln\u00e9rables. Impliqu\u00e9e dans plus de 75 projets internationaux depuis 1992, l\u2019\u00e9quipe de recherche et d\u00e9veloppement fournit des ressources, une formation et des outils de pointe qui r\u00e9pondent aux exigences de l\u2019orientation et de l\u2019employabilit\u00e9 des carri\u00e8res modernes. Aspire-igen est reconnu comme un centre d&#8217;excellence par la Commission europ\u00e9enne, qui soutient l&#8217;\u00e9laboration d&#8217;une politique d&#8217;orientation au niveau de l&#8217;UE en tant que centre Euroguidance au Royaume-Uni.<\/p>\n<\/div>\n<\/div>\n\n\n\n<hr class=\"wp-block-separator\"\/>\n","protected":false},"excerpt":{"rendered":"<p>L&#8217;Onisep (Office national d&#8217;information sur les enseignements et les professions) est un op\u00e9rateur de l\u2019\u00c9tat qui rel\u00e8ve du minist\u00e8re de l\u2019\u00c9ducation nationale et de la Jeunesse et du minist\u00e8re de l\u2019Enseignement sup\u00e9rieur, de la Recherche et de l\u2019Innovation. \u00c9diteur public, l&#8217;Onisep produit et diffuse toute l&#8217;information sur les formations et les m\u00e9tiers. Il propose aussi&hellip;<\/p>\n","protected":false},"author":1,"featured_media":0,"parent":0,"menu_order":0,"comment_status":"closed","ping_status":"closed","template":"","meta":{"yasr_overall_rating":0,"yasr_post_is_review":"","yasr_auto_insert_disabled":"","yasr_review_type":"","footnotes":""},"class_list":["post-102","page","type-page","status-publish","hentry"],"yasr_visitor_votes":{"stars_attributes":{"read_only":false,"span_bottom":false},"number_of_votes":0,"sum_votes":0},"_links":{"self":[{"href":"https:\/\/www.games2guide.eu\/index.php?rest_route=\/wp\/v2\/pages\/102","targetHints":{"allow":["GET"]}}],"collection":[{"href":"https:\/\/www.games2guide.eu\/index.php?rest_route=\/wp\/v2\/pages"}],"about":[{"href":"https:\/\/www.games2guide.eu\/index.php?rest_route=\/wp\/v2\/types\/page"}],"author":[{"embeddable":true,"href":"https:\/\/www.games2guide.eu\/index.php?rest_route=\/wp\/v2\/users\/1"}],"replies":[{"embeddable":true,"href":"https:\/\/www.games2guide.eu\/index.php?rest_route=%2Fwp%2Fv2%2Fcomments&post=102"}],"version-history":[{"count":6,"href":"https:\/\/www.games2guide.eu\/index.php?rest_route=\/wp\/v2\/pages\/102\/revisions"}],"predecessor-version":[{"id":938,"href":"https:\/\/www.games2guide.eu\/index.php?rest_route=\/wp\/v2\/pages\/102\/revisions\/938"}],"wp:attachment":[{"href":"https:\/\/www.games2guide.eu\/index.php?rest_route=%2Fwp%2Fv2%2Fmedia&parent=102"}],"curies":[{"name":"wp","href":"https:\/\/api.w.org\/{rel}","templated":true}]}}