
{"id":122,"date":"2019-05-27T14:18:47","date_gmt":"2019-05-27T12:18:47","guid":{"rendered":"http:\/\/www.games2guide.eu\/?page_id=122"},"modified":"2021-07-14T12:36:49","modified_gmt":"2021-07-14T10:36:49","slug":"nouvelles","status":"publish","type":"page","link":"https:\/\/www.games2guide.eu\/?page_id=122&lang=fr","title":{"rendered":"Actualit\u00e9s"},"content":{"rendered":"\n<p style=\"text-align:center\">Les partenaires du projet Games2Guide vous invitent \u00e0 consulter les nouveaut\u00e9s et actualit\u00e9s du projet.<\/p>\n\n\n\n<div class=\"wp-block-columns has-2-columns is-layout-flex wp-container-core-columns-is-layout-9d6595d7 wp-block-columns-is-layout-flex\">\n<div class=\"wp-block-column is-layout-flow wp-block-column-is-layout-flow\">\n<figure class=\"wp-block-image\"><a href=\"http:\/\/www.games2guide.eu\/wp-content\/uploads\/2020\/10\/Newsletter1_FR.pdf\" target=\"_blank\" rel=\"noopener noreferrer\"><img fetchpriority=\"high\" decoding=\"async\" width=\"744\" height=\"535\" src=\"http:\/\/www.games2guide.eu\/wp-content\/uploads\/2020\/10\/newsletter.jpg\" alt=\"\" class=\"wp-image-907\" srcset=\"https:\/\/www.games2guide.eu\/wp-content\/uploads\/2020\/10\/newsletter.jpg 744w, https:\/\/www.games2guide.eu\/wp-content\/uploads\/2020\/10\/newsletter-300x216.jpg 300w\" sizes=\"(max-width: 744px) 100vw, 744px\" \/><\/a><\/figure>\n\n\n\n<p><\/p>\n<\/div>\n\n\n\n<div class=\"wp-block-column is-layout-flow wp-block-column-is-layout-flow\">\n<p><strong>Newletter II &#8211; Juin 2021 <\/strong><\/p>\n\n\n\n<p style=\"text-align:center\"><strong><a href=\"http:\/\/www.games2guide.eu\/wp-content\/uploads\/2021\/07\/Newsletter2_FR.pdf\" target=\"_blank\" rel=\"noreferrer noopener\" aria-label=\" (opens in a new tab)\">T\u00e9l\u00e9charger Newsletter <\/a><\/strong><\/p>\n<\/div>\n<\/div>\n\n\n\n<div class=\"wp-block-columns has-2-columns is-layout-flex wp-container-core-columns-is-layout-9d6595d7 wp-block-columns-is-layout-flex\">\n<div class=\"wp-block-column is-layout-flow wp-block-column-is-layout-flow\">\n<figure class=\"wp-block-image\"><a href=\"http:\/\/www.games2guide.eu\/wp-content\/uploads\/2020\/10\/Newsletter1_FR.pdf\" target=\"_blank\" rel=\"noopener noreferrer\"><img fetchpriority=\"high\" decoding=\"async\" width=\"744\" height=\"535\" src=\"http:\/\/www.games2guide.eu\/wp-content\/uploads\/2020\/10\/newsletter.jpg\" alt=\"\" class=\"wp-image-907\" srcset=\"https:\/\/www.games2guide.eu\/wp-content\/uploads\/2020\/10\/newsletter.jpg 744w, https:\/\/www.games2guide.eu\/wp-content\/uploads\/2020\/10\/newsletter-300x216.jpg 300w\" sizes=\"(max-width: 744px) 100vw, 744px\" \/><\/a><\/figure>\n\n\n\n<p><\/p>\n<\/div>\n\n\n\n<div class=\"wp-block-column is-layout-flow wp-block-column-is-layout-flow\">\n<p><strong>Newletter I &#8211; Septembre 2020 <\/strong><\/p>\n\n\n\n<p style=\"text-align:center\"><strong><a rel=\"noreferrer noopener\" aria-label=\"Descargar Newsletter  (opens in a new tab)\" href=\"http:\/\/www.games2guide.eu\/wp-content\/uploads\/2020\/10\/Newsletter1_FR.pdf\" target=\"_blank\">T\u00e9l\u00e9charger Newsletter <\/a><\/strong><\/p>\n<\/div>\n<\/div>\n\n\n\n<hr class=\"wp-block-separator\"\/>\n\n\n\n<div class=\"wp-block-columns has-2-columns is-layout-flex wp-container-core-columns-is-layout-9d6595d7 wp-block-columns-is-layout-flex\">\n<div class=\"wp-block-column is-layout-flow wp-block-column-is-layout-flow\">\n<figure class=\"wp-block-image\"><img decoding=\"async\" width=\"685\" height=\"533\" src=\"http:\/\/www.games2guide.eu\/wp-content\/uploads\/2020\/06\/Florencia-1.jpg\" alt=\"\" class=\"wp-image-857\" srcset=\"https:\/\/www.games2guide.eu\/wp-content\/uploads\/2020\/06\/Florencia-1.jpg 685w, https:\/\/www.games2guide.eu\/wp-content\/uploads\/2020\/06\/Florencia-1-300x233.jpg 300w\" sizes=\"(max-width: 685px) 100vw, 685px\" \/><\/figure>\n<\/div>\n\n\n\n<div class=\"wp-block-column is-layout-flow wp-block-column-is-layout-flow\">\n<p><strong>Florence, Italie, 6 &amp; 7 mai 2019<\/strong><\/p>\n\n\n\n<p>Les partenaires ont pass\u00e9 en revue ce qui a \u00e9t\u00e9 fait et ont planifi\u00e9 les prochaines activit\u00e9s selon la proposition du projet. Ce fut une p\u00e9riode tr\u00e8s fructueuse puisque nous avons \u00e9chang\u00e9 sur le protocole d\u2019exp\u00e9rimentation, &nbsp;les caract\u00e9ristiques du site web, le design ainsi que le choix du logo du projet. <\/p>\n<\/div>\n<\/div>\n\n\n\n<hr class=\"wp-block-separator\"\/>\n\n\n\n<div class=\"wp-block-columns has-2-columns is-layout-flex wp-container-core-columns-is-layout-9d6595d7 wp-block-columns-is-layout-flex\">\n<div class=\"wp-block-column is-layout-flow wp-block-column-is-layout-flow\">\n<figure class=\"wp-block-image\"><img decoding=\"async\" width=\"1024\" height=\"576\" src=\"http:\/\/www.games2guide.eu\/wp-content\/uploads\/2020\/06\/Foto-reuni\u00f3n-PARIS-1-1024x576.jpeg\" alt=\"\" class=\"wp-image-858\" srcset=\"https:\/\/www.games2guide.eu\/wp-content\/uploads\/2020\/06\/Foto-reuni\u00f3n-PARIS-1-1024x576.jpeg 1024w, https:\/\/www.games2guide.eu\/wp-content\/uploads\/2020\/06\/Foto-reuni\u00f3n-PARIS-1-300x169.jpeg 300w, https:\/\/www.games2guide.eu\/wp-content\/uploads\/2020\/06\/Foto-reuni\u00f3n-PARIS-1-768x432.jpeg 768w, https:\/\/www.games2guide.eu\/wp-content\/uploads\/2020\/06\/Foto-reuni\u00f3n-PARIS-1-1140x641.jpeg 1140w, https:\/\/www.games2guide.eu\/wp-content\/uploads\/2020\/06\/Foto-reuni\u00f3n-PARIS-1-720x405.jpeg 720w, https:\/\/www.games2guide.eu\/wp-content\/uploads\/2020\/06\/Foto-reuni\u00f3n-PARIS-1.jpeg 1600w\" sizes=\"(max-width: 1024px) 100vw, 1024px\" \/><\/figure>\n<\/div>\n\n\n\n<div class=\"wp-block-column is-layout-flow wp-block-column-is-layout-flow\">\n<p><strong>Paris, France, 30 &amp; 31 octobre 2018<\/strong><\/p>\n\n\n\n<p>Le projet \u00ab&nbsp;Games2Guide&nbsp;\u00bb a d\u00e9but\u00e9 par une r\u00e9union de lancement \u00e0 Paris, au cours de laquelle tous les partenaires ont fait plus ample connaissance et pris des d\u00e9cisions sur la m\u00e9thodologie, le calendrier \u00e0 suivre et les outils n\u00e9cessaires pour le bon d\u00e9roulement du projet. <\/p>\n<\/div>\n<\/div>\n","protected":false},"excerpt":{"rendered":"<p>Les partenaires du projet Games2Guide vous invitent \u00e0 consulter les nouveaut\u00e9s et actualit\u00e9s du projet. Newletter II &#8211; Juin 2021 T\u00e9l\u00e9charger Newsletter Newletter I &#8211; Septembre 2020 T\u00e9l\u00e9charger Newsletter Florence, Italie, 6 &amp; 7 mai 2019 Les partenaires ont pass\u00e9 en revue ce qui a \u00e9t\u00e9 fait et ont planifi\u00e9 les prochaines activit\u00e9s selon la&hellip;<\/p>\n","protected":false},"author":1,"featured_media":0,"parent":0,"menu_order":0,"comment_status":"closed","ping_status":"closed","template":"","meta":{"yasr_overall_rating":0,"yasr_post_is_review":"","yasr_auto_insert_disabled":"","yasr_review_type":"","footnotes":""},"class_list":["post-122","page","type-page","status-publish","hentry"],"yasr_visitor_votes":{"stars_attributes":{"read_only":false,"span_bottom":false},"number_of_votes":0,"sum_votes":0},"_links":{"self":[{"href":"https:\/\/www.games2guide.eu\/index.php?rest_route=\/wp\/v2\/pages\/122","targetHints":{"allow":["GET"]}}],"collection":[{"href":"https:\/\/www.games2guide.eu\/index.php?rest_route=\/wp\/v2\/pages"}],"about":[{"href":"https:\/\/www.games2guide.eu\/index.php?rest_route=\/wp\/v2\/types\/page"}],"author":[{"embeddable":true,"href":"https:\/\/www.games2guide.eu\/index.php?rest_route=\/wp\/v2\/users\/1"}],"replies":[{"embeddable":true,"href":"https:\/\/www.games2guide.eu\/index.php?rest_route=%2Fwp%2Fv2%2Fcomments&post=122"}],"version-history":[{"count":7,"href":"https:\/\/www.games2guide.eu\/index.php?rest_route=\/wp\/v2\/pages\/122\/revisions"}],"predecessor-version":[{"id":945,"href":"https:\/\/www.games2guide.eu\/index.php?rest_route=\/wp\/v2\/pages\/122\/revisions\/945"}],"wp:attachment":[{"href":"https:\/\/www.games2guide.eu\/index.php?rest_route=%2Fwp%2Fv2%2Fmedia&parent=122"}],"curies":[{"name":"wp","href":"https:\/\/api.w.org\/{rel}","templated":true}]}}