
{"id":126,"date":"2019-05-27T14:18:47","date_gmt":"2019-05-27T12:18:47","guid":{"rendered":"http:\/\/www.games2guide.eu\/?page_id=126"},"modified":"2020-10-21T12:44:53","modified_gmt":"2020-10-21T10:44:53","slug":"noticias-2","status":"publish","type":"page","link":"https:\/\/www.games2guide.eu\/?page_id=126&lang=pt","title":{"rendered":"Not\u00edcias"},"content":{"rendered":"\n<p style=\"text-align:center\">  Os parceiros do projeto Games2Guide convidam-no a consultar as not\u00edcias e novidades do mesmo. <\/p>\n\n\n\n<div class=\"wp-block-columns has-2-columns is-layout-flex wp-container-core-columns-is-layout-9d6595d7 wp-block-columns-is-layout-flex\">\n<div class=\"wp-block-column is-layout-flow wp-block-column-is-layout-flow\">\n<figure class=\"wp-block-image\"><a href=\"http:\/\/www.games2guide.eu\/wp-content\/uploads\/2020\/10\/Newsletter1_PT.pdf\" target=\"_blank\" rel=\"noopener noreferrer\"><img fetchpriority=\"high\" decoding=\"async\" width=\"744\" height=\"535\" src=\"http:\/\/www.games2guide.eu\/wp-content\/uploads\/2020\/10\/newsletter.jpg\" alt=\"\" class=\"wp-image-907\" srcset=\"https:\/\/www.games2guide.eu\/wp-content\/uploads\/2020\/10\/newsletter.jpg 744w, https:\/\/www.games2guide.eu\/wp-content\/uploads\/2020\/10\/newsletter-300x216.jpg 300w\" sizes=\"(max-width: 744px) 100vw, 744px\" \/><\/a><\/figure>\n\n\n\n<p><\/p>\n<\/div>\n\n\n\n<div class=\"wp-block-column is-layout-flow wp-block-column-is-layout-flow\">\n<p><strong>Newletter I &#8211; Setembro 2020 <\/strong><\/p>\n\n\n\n<p style=\"text-align:center\"><strong><a rel=\"noreferrer noopener\" aria-label=\"Descargar Newsletter  (opens in a new tab)\" href=\"http:\/\/www.games2guide.eu\/wp-content\/uploads\/2020\/10\/Newsletter1_PT.pdf\" target=\"_blank\">Baixar Newsletter <\/a><\/strong><\/p>\n<\/div>\n<\/div>\n\n\n\n<hr class=\"wp-block-separator\"\/>\n\n\n\n<div class=\"wp-block-columns has-2-columns is-layout-flex wp-container-core-columns-is-layout-9d6595d7 wp-block-columns-is-layout-flex\">\n<div class=\"wp-block-column is-layout-flow wp-block-column-is-layout-flow\">\n<figure class=\"wp-block-image\"><img decoding=\"async\" width=\"685\" height=\"533\" src=\"http:\/\/www.games2guide.eu\/wp-content\/uploads\/2020\/06\/Florencia-3.jpg\" alt=\"\" class=\"wp-image-866\" srcset=\"https:\/\/www.games2guide.eu\/wp-content\/uploads\/2020\/06\/Florencia-3.jpg 685w, https:\/\/www.games2guide.eu\/wp-content\/uploads\/2020\/06\/Florencia-3-300x233.jpg 300w\" sizes=\"(max-width: 685px) 100vw, 685px\" \/><\/figure>\n<\/div>\n\n\n\n<div class=\"wp-block-column is-layout-flow wp-block-column-is-layout-flow\">\n<p><strong>Floren\u00e7a, It\u00e1lia, 6 e 7 de Maio de 2019<\/strong><\/p>\n\n\n\n<p>Os parceiros reviram o trabalho desenvolvido e planearam as atividades seguintes de acordo com a proposta do projeto. Foi um per\u00edodo muito frutuoso, pois foram partilhadas ideias sobre o protocolo de experimenta\u00e7\u00e3o, as caracter\u00edsticas do website, o design e a escolha do logotipo do projeto. <\/p>\n<\/div>\n<\/div>\n\n\n\n<hr class=\"wp-block-separator\"\/>\n\n\n\n<div class=\"wp-block-columns has-2-columns is-layout-flex wp-container-core-columns-is-layout-9d6595d7 wp-block-columns-is-layout-flex\">\n<div class=\"wp-block-column is-layout-flow wp-block-column-is-layout-flow\">\n<figure class=\"wp-block-image\"><img decoding=\"async\" width=\"1024\" height=\"576\" src=\"http:\/\/www.games2guide.eu\/wp-content\/uploads\/2020\/06\/Foto-reuni\u00f3n-PARIS-3-1024x576.jpeg\" alt=\"\" class=\"wp-image-867\" srcset=\"https:\/\/www.games2guide.eu\/wp-content\/uploads\/2020\/06\/Foto-reuni\u00f3n-PARIS-3-1024x576.jpeg 1024w, https:\/\/www.games2guide.eu\/wp-content\/uploads\/2020\/06\/Foto-reuni\u00f3n-PARIS-3-300x169.jpeg 300w, https:\/\/www.games2guide.eu\/wp-content\/uploads\/2020\/06\/Foto-reuni\u00f3n-PARIS-3-768x432.jpeg 768w, https:\/\/www.games2guide.eu\/wp-content\/uploads\/2020\/06\/Foto-reuni\u00f3n-PARIS-3-1140x641.jpeg 1140w, https:\/\/www.games2guide.eu\/wp-content\/uploads\/2020\/06\/Foto-reuni\u00f3n-PARIS-3-720x405.jpeg 720w, https:\/\/www.games2guide.eu\/wp-content\/uploads\/2020\/06\/Foto-reuni\u00f3n-PARIS-3.jpeg 1600w\" sizes=\"(max-width: 1024px) 100vw, 1024px\" \/><\/figure>\n<\/div>\n\n\n\n<div class=\"wp-block-column is-layout-flow wp-block-column-is-layout-flow\">\n<p><strong>Paris, Fran\u00e7a, 30 e 31 de Outubro de 2018<\/strong><\/p>\n\n\n\n<p>O projeto Games2Guide come\u00e7ou com uma reuni\u00e3o de lan\u00e7amento em Paris, durante a qual todos os parceiros se conheceram melhor e tomaram decis\u00f5es sobre a metodologia, o calend\u00e1rio e as ferramentas necess\u00e1rias para que o projeto decorresse sem sobressaltos.<\/p>\n<\/div>\n<\/div>\n","protected":false},"excerpt":{"rendered":"<p>Os parceiros do projeto Games2Guide convidam-no a consultar as not\u00edcias e novidades do mesmo. Newletter I &#8211; Setembro 2020 Baixar Newsletter Floren\u00e7a, It\u00e1lia, 6 e 7 de Maio de 2019 Os parceiros reviram o trabalho desenvolvido e planearam as atividades seguintes de acordo com a proposta do projeto. Foi um per\u00edodo muito frutuoso, pois foram&hellip;<\/p>\n","protected":false},"author":1,"featured_media":0,"parent":0,"menu_order":0,"comment_status":"closed","ping_status":"closed","template":"","meta":{"yasr_overall_rating":0,"yasr_post_is_review":"","yasr_auto_insert_disabled":"","yasr_review_type":"","footnotes":""},"class_list":["post-126","page","type-page","status-publish","hentry"],"yasr_visitor_votes":{"stars_attributes":{"read_only":false,"span_bottom":false},"number_of_votes":0,"sum_votes":0},"_links":{"self":[{"href":"https:\/\/www.games2guide.eu\/index.php?rest_route=\/wp\/v2\/pages\/126","targetHints":{"allow":["GET"]}}],"collection":[{"href":"https:\/\/www.games2guide.eu\/index.php?rest_route=\/wp\/v2\/pages"}],"about":[{"href":"https:\/\/www.games2guide.eu\/index.php?rest_route=\/wp\/v2\/types\/page"}],"author":[{"embeddable":true,"href":"https:\/\/www.games2guide.eu\/index.php?rest_route=\/wp\/v2\/users\/1"}],"replies":[{"embeddable":true,"href":"https:\/\/www.games2guide.eu\/index.php?rest_route=%2Fwp%2Fv2%2Fcomments&post=126"}],"version-history":[{"count":7,"href":"https:\/\/www.games2guide.eu\/index.php?rest_route=\/wp\/v2\/pages\/126\/revisions"}],"predecessor-version":[{"id":931,"href":"https:\/\/www.games2guide.eu\/index.php?rest_route=\/wp\/v2\/pages\/126\/revisions\/931"}],"wp:attachment":[{"href":"https:\/\/www.games2guide.eu\/index.php?rest_route=%2Fwp%2Fv2%2Fmedia&parent=126"}],"curies":[{"name":"wp","href":"https:\/\/api.w.org\/{rel}","templated":true}]}}